alculate the greatest common factor of 76 and b.
19
Let l = -26 + 52. Let w(k) = 4*k**2 - 6*k. Let z be w(-5). What is the highest common divisor of l and z?
26
Let s(v) = v**2 + 65*v + 129. Let z be s(-63). What is the highest common divisor of z and 459?
3
Let r(q) = q**2 - 2*q - 7. Suppose 5*g - 15 = 3*i - 5*i, i = g + 4. Let p be r(i). Calculate the highest common divisor of 56 and p.
8
Suppose 26 = 2*c + 4*u, u - 5 = -c + 4. Suppose -73 = -c*b + 7. What is the greatest common divisor of 176 and b?
16
Suppose 29*l - 5*l - 9720 = 0. What is the highest common factor of 5 and l?
5
Let h = 186 + -100. Suppose 0 = -4*i - 6 + h. Calculate the highest common divisor of i and 180.
20
Let r(n) = 5*n - 7 - 4 + 18 - 13. Let q be (-1)/2*20/(-2). Let d be r(q). Calculate the highest common factor of d and 209.
19
Let b be (4*-5)/(52/(-156)). What is the greatest common factor of b and 420?
60
Let l be (1 + -2)/((-2)/4). Suppose 5*n = -146 - 279. Let i = -80 - n. Calculate the greatest common divisor of l and i.
1
Let a(h) = -h**3 - 8*h**2 - 9*h - 6. Let z be a(-7). Suppose z*y - 125 = -29. Calculate the highest common factor of y and 96.
12
Let l = 121 - 118. Calculate the highest common divisor of 27 and l.
3
Let m(p) = 3*p**2 + 3*p + 4. Let i be m(-3). Let v be ((-10)/5)/(11/(-968)). Calculate the greatest common factor of v and i.
22
Let u be 5/(150/3681) - (-15)/50. What is the highest common divisor of u and 164?
41
Suppose -3*s + 3*m = -165, 5*m - 275 = -7*s + 2*s. Suppose -5*w + 14 = 9. Suppose -3*r - w = -16. What is the highest common factor of s and r?
5
Let z = 1405 + -1277. Calculate the greatest common divisor of 704 and z.
64
Suppose -5*i + 134 = -281. Let d = i - 28. What is the greatest common factor of 5 and d?
5
Let z(o) = 3*o**2 + o - 2. Let c be z(-2). Suppose -5*i + 3*i + c = 0. Suppose 0 = -i*b + 55 - 15. What is the greatest common divisor of b and 110?
10
Let v(l) = l**3 - 15*l**2 + 15*l - 11. Let i be v(14). Suppose i*o - 8*o + 50 = 0. Calculate the highest common factor of o and 5.
5
Let l(m) = -m**3 + 5*m**2 + 7*m + 11. Let b be l(8). Let u = b - -215. Suppose 0*i = -2*i + u. What is the greatest common factor of 5 and i?
5
Let q = 6194 - 6157. Suppose 0 = 5*j - s + 2*s - 185, 0 = -5*j - 3*s + 185. Calculate the highest common divisor of j and q.
37
Suppose -265 - 489 = -26*g. Calculate the greatest common divisor of g and 261.
29
Let c be ((-36)/(-27))/((-8)/(-18)). What is the highest common factor of 87 and c?
3
Suppose 0 = -73*x + 21*x + 4472. Calculate the greatest common divisor of 344 and x.
86
Let z be (-2)/(-6)*486/2. Suppose 2*p - 4*f = 18, 0*p = 4*p - 2*f - 36. Suppose 0 = 3*u - p - 18. Calculate the highest common factor of u and z.
9
Suppose b + 3*a = 1 + 1, -3*b = a - 22. Calculate the greatest common factor of 8 and b.
8
Suppose c + 34 = 2*p + 3*c, 3 = c. Let g be 234/p + (-8)/(-28). Suppose -n - 7 - g = -5*l, 0 = l + 4*n + 12. What is the greatest common factor of 8 and l?
4
Let u be 166/18 - (-4)/(-18). Let a(r) = -r**3 - 6*r**2 - 4*r - 9. Let p be a(-6). What is the highest common factor of p and u?
3
Let s(c) = c**2 - 9*c + 10. Let v be s(11). Let l be 2/1 + 75 + 3. Calculate the highest common factor of l and v.
16
Let a be (-8)/(-2) + 0/(-1). Suppose -a*f + 5*u = -69, -2*f + 3*u = 3*f - 70. Calculate the highest common factor of f and 99.
11
Suppose -2*o + 36 + 4 = 0. Suppose -g = -o - 16. What is the greatest common divisor of 9 and g?
9
Suppose 4*i = -321 + 881. Suppose 3*n - 5*n = -i. What is the highest common divisor of 10 and n?
10
Let p = -158 + 984. What is the highest common factor of p and 28?
14
Let g(v) = -6*v**2 - 21*v + 12. Let y be g(-7). Let j = -90 - y. Calculate the greatest common factor of 5 and j.
5
Let i be 2/3*(-108)/(-8). Suppose 0 = -5*p + 1 + i. Suppose -b = p*b - 12. Calculate the highest common divisor of 32 and b.
4
Let t be 80/(-6)*15/(-20). Let w = -8 - -12. Calculate the highest common factor of w and t.
2
Suppose -3*m + 3 + 81 = 0. Calculate the highest common factor of m and 98.
14
Let t(s) = -11*s - 3. Let f be t(-3). Suppose -760*a + 751*a + 1350 = 0. Calculate the greatest common divisor of a and f.
30
Let o be ((-117)/3 + 5)*(-2)/4. What is the greatest common factor of 221 and o?
17
Let u = 4 + 18. Suppose -2*r + 476 = 2*n, n - 2*r = 375 - 125. Calculate the greatest common factor of n and u.
22
Let d(t) = -29*t - 143. Let g be d(-7). What is the greatest common divisor of 48 and g?
12
Suppose -2*w - 1830 = -3*j + j, -4*j - 3*w = -3639. Suppose -4*c = -7*c + j. Let s = -178 + c. What is the highest common divisor of 18 and s?
18
Suppose -c + 35 = 3*y, 0 = -8*c + 3*c + 5*y + 275. Suppose 0 = 6*m - 22*m + 160. Calculate the greatest common factor of m and c.
10
Let j be 23078/44 + 1/2. What is the highest common divisor of j and 75?
75
Let u = -1 + 7. Let f be (u - 16) + 3 + 0. Let c = f - -11. What is the highest common factor of c and 44?
4
Suppose 2*o = 18*o - 96. What is the highest common factor of 57 and o?
3
Let k be (-1)/((-14)/(-5) + -3). Suppose 4*u - 5*v - 6 = -1, -k*v + 30 = 3*u. Suppose -5*w = w - 30. What is the greatest common divisor of w and u?
5
Let y be (-1)/(10/(-9) - -1). Let u = 483 - 438. Calculate the highest common factor of u and y.
9
Suppose a - 197 - 181 = 0. What is the greatest common factor of 140 and a?
14
Suppose 9 = 4*a - 5*d, -5*a - 5*d + 4*d = -33. Let b be 10 - a/(1 - -5). What is the greatest common factor of b and 72?
9
Suppose 18*q - 108*q = -1710. Calculate the greatest common factor of q and 1330.
19
Let j be (-24)/(-7)*6/((-72)/(-462)). Let o = j - 98. What is the highest common factor of 306 and o?
34
Let p = 25 - 22. Suppose 4*o + 3*c - 408 = 5*c, 2*o = -p*c + 220. Suppose 4*k + o = 2*u + k, -169 = -3*u - 2*k. What is the highest common divisor of u and 22?
11
Suppose -2208 = -4*s + z - 2*z, 571 = s + 5*z. What is the highest common divisor of 19 and s?
19
Suppose 0 = 3*r + 2*m - 233, 0 = 6*r - 2*r - m - 296. What is the greatest common divisor of 10 and r?
5
Let g(f) = -f**3 + 8*f**2 - 11*f + 30. Let u be g(6). Calculate the highest common divisor of 4 and u.
4
Let m be ((6/(-9))/((-7)/(-21)))/(-1). Let l(u) = u**2 - 5*u + 5. Let b be l(5). What is the highest common divisor of m and b?
1
Suppose 0*n + 33 = -2*u + 5*n, 0 = u + 4*n - 16. Let l be 93 - (-3 + (0/u)/(-4)). Calculate the highest common factor of 24 and l.
24
Let s = -406 - -408. What is the highest common factor of 142 and s?
2
Let j be 274446/198 - 4/44. Calculate the highest common divisor of 126 and j.
126
Let p be 6/(-27) - (-8296)/153. Calculate the greatest common divisor of p and 243.
27
Suppose -5*y - 10 = 10. Let w(d) = 8*d**2 + 88*d + 258. Let g be w(-3). Let x be (g/y)/(9/(-12)). What is the highest common divisor of x and 11?
11
Suppose 3*c = 2*j + 208, 2*c = 3*c + j - 66. Suppose 2*l - c = 124. Suppose -9*z + l = -5*z. Calculate the highest common factor of z and 6.
6
Suppose -35 = 3*n - 41. Suppose 0 = 4*o + u - 4*u - 37, -31 = -n*o - u. What is the highest common factor of o and 299?
13
Let i(f) = f**2 + 17*f. Let w be i(-17). Suppose w = j + 2*j + 12, -268 = -4*l + 5*j. Calculate the highest common factor of 155 and l.
31
Let v = 33 + -31. Suppose -3*t = v*s - 4*s - 41, 0 = 4*t - 3*s - 55. What is the highest common divisor of t and 39?
13
Suppose -8 - 8 = -2*c. Let l be (-14)/c*20/(-5). Suppose g - 4*b - 13 = 0, g - 2*g = -b - l. Calculate the highest common factor of 10 and g.
5
Let n be 3 - 27*12/(-18). What is the greatest common divisor of 14 and n?
7
Let j = -40 + 42. Suppose -y + 34 = -5*k, 0 = -6*k + j*k - 16. What is the greatest common divisor of 42 and y?
14
Let s(u) = u**2 - 8*u + 12. Let a be s(13). What is the greatest common factor of a and 7?
7
Let p = -67 - -85. Suppose -b + 3*b - 2*g - 8 = 0, 2*g = 8. Suppose 0 = -0*j - 4*j + b. Calculate the greatest common divisor of j and p.
2
Suppose -10*b + 15*b - 20 = 0. Let a be (16/2)/((b/3)/4). Calculate the highest common divisor of a and 48.
24
Let w = 1991 - 1898. What is the highest common divisor of w and 1457?
31
Let b(q) = 16*q + 1. Let f be b(0). What is the greatest common factor of f and 5?
1
Let g be 0*2/(-4) - -45. Let a(d) = d**2 - 155*d + 6031. Let n be a(82). What i